{"id":68,"date":"2018-04-11T20:57:27","date_gmt":"2018-04-11T18:57:27","guid":{"rendered":"http:\/\/ressner-hartl.de\/wordpress\/?page_id=68"},"modified":"2018-04-11T20:57:27","modified_gmt":"2018-04-11T18:57:27","slug":"bueroprofil","status":"publish","type":"page","link":"https:\/\/ressner.de\/?page_id=68","title":{"rendered":"B\u00dcROPROFIL"},"content":{"rendered":"<p><span style=\"font-family: Helvetica, Arial, sans-serif;\">Unser Ingenieurb\u00fcro f\u00fcr Statik und Konstruktion verf\u00fcgt \u00fcber langj\u00e4hrige Erfahrung auf dem Gebiet der Tragwerksplanung und hier vor allem im Bereich Hochbau. Unsere Kompetenz und Erfahrung konnten wir in den letzten Jahren vor allem im Massivbau, Stahlbau, Holzbau und neuerdings auch im Glasbau unter Beweis stellen.<\/span><\/p>\n<p>Wir sind sowohl f\u00fcr private als auch \u00f6ffentliche Bauherren t\u00e4tig, wobei wir gro\u00dfen Wert auf eine enge Zusammenarbeit legen. Ausf\u00fchrliche Beratungen vor dem Baubeginn sind\u00a0f\u00fcr\u00a0uns\u00a0selbstverst\u00e4ndlich. Auch bei kleinen Um- und Anbauten sowie Sanierungen und Modernisierungen sind wir f\u00fcr Sie da.<\/p>\n<p>Unser Anliegen ist es, durch eine effiziente Zusammenarbeit mit unseren Auftraggebern, eine fach- und\u00a0termingerechte Projektabwicklung zu gew\u00e4hrleisten, die den vorgegebenen Kostenrahmen einh\u00e4lt.<\/p>\n","protected":false},"excerpt":{"rendered":"<p>Unser Ingenieurb\u00fcro f\u00fcr Statik und Konstruktion verf\u00fcgt \u00fcber langj\u00e4hrige Erfahrung auf dem Gebiet der Tragwerksplanung und hier vor allem im Bereich Hochbau. Unsere&#8230;<\/p>\n","protected":false},"author":2,"featured_media":0,"parent":0,"menu_order":0,"comment_status":"closed","ping_status":"closed","template":"","meta":{"footnotes":""},"class_list":["post-68","page","type-page","status-publish","hentry"],"_links":{"self":[{"href":"https:\/\/ressner.de\/index.php?rest_route=\/wp\/v2\/pages\/68","targetHints":{"allow":["GET"]}}],"collection":[{"href":"https:\/\/ressner.de\/index.php?rest_route=\/wp\/v2\/pages"}],"about":[{"href":"https:\/\/ressner.de\/index.php?rest_route=\/wp\/v2\/types\/page"}],"author":[{"embeddable":true,"href":"https:\/\/ressner.de\/index.php?rest_route=\/wp\/v2\/users\/2"}],"replies":[{"embeddable":true,"href":"https:\/\/ressner.de\/index.php?rest_route=%2Fwp%2Fv2%2Fcomments&post=68"}],"version-history":[{"count":0,"href":"https:\/\/ressner.de\/index.php?rest_route=\/wp\/v2\/pages\/68\/revisions"}],"wp:attachment":[{"href":"https:\/\/ressner.de\/index.php?rest_route=%2Fwp%2Fv2%2Fmedia&parent=68"}],"curies":[{"name":"wp","href":"https:\/\/api.w.org\/{rel}","templated":true}]}}